{"id":3327,"date":"2021-04-01T08:51:31","date_gmt":"2021-04-01T06:51:31","guid":{"rendered":"https:\/\/blue-down.com\/?page_id=3327"},"modified":"2021-04-01T08:51:33","modified_gmt":"2021-04-01T06:51:33","slug":"mentions-legales","status":"publish","type":"page","link":"https:\/\/blue-down.com\/index.php\/mentions-legales\/","title":{"rendered":"Mentions l\u00e9gales"},"content":{"rendered":"<p>[et_pb_section fb_built=\u00a0\u00bb1&Prime; _builder_version=\u00a0\u00bb4.9.2&Prime; _module_preset=\u00a0\u00bbdefault\u00a0\u00bb][et_pb_row _builder_version=\u00a0\u00bb4.9.2&Prime; _module_preset=\u00a0\u00bbdefault\u00a0\u00bb][et_pb_column _builder_version=\u00a0\u00bb4.9.2&Prime; _module_preset=\u00a0\u00bbdefault\u00a0\u00bb type=\u00a0\u00bb4_4&Prime;][et_pb_text _builder_version=\u00a0\u00bb4.9.2&Prime; _module_preset=\u00a0\u00bbdefault\u00a0\u00bb hover_enabled=\u00a0\u00bb0&Prime; sticky_enabled=\u00a0\u00bb0&Prime;]<\/p>\n<h3 style=\"text-align: center;\"><strong>Mentions l\u00e9gales <\/strong><\/h3>\n<p style=\"text-align: center;\">\n<p style=\"text-align: center;\">Directeur de la publication: Didier Brandelet<\/p>\n<p style=\"text-align: center;\">Soci\u00e9t\u00e9: Blue Down<\/p>\n<p style=\"text-align: center;\">H\u00e9bergeur: OVH &#8211; Roubaix<\/p>\n<p>[\/et_pb_text][\/et_pb_column][\/et_pb_row][\/et_pb_section]<\/p>\n","protected":false},"excerpt":{"rendered":"<p>Mentions l\u00e9gales Directeur de la publication: Didier Brandelet Soci\u00e9t\u00e9: Blue Down H\u00e9bergeur: OVH &#8211; Roubaix<\/p>\n","protected":false},"author":2,"featured_media":0,"parent":0,"menu_order":0,"comment_status":"closed","ping_status":"closed","template":"","meta":{"_et_pb_use_builder":"on","_et_pb_old_content":"","_et_gb_content_width":"","footnotes":""},"class_list":["post-3327","page","type-page","status-publish","hentry"],"yoast_head":"<!-- This site is optimized with the Yoast SEO plugin v24.9 - https:\/\/yoast.com\/wordpress\/plugins\/seo\/ -->\n<title>Mentions l\u00e9gales - Blue Down<\/title>\n<meta name=\"robots\" content=\"index, follow, max-snippet:-1, max-image-preview:large, max-video-preview:-1\" \/>\n<link rel=\"canonical\" href=\"https:\/\/blue-down.com\/index.php\/mentions-legales\/\" \/>\n<meta property=\"og:locale\" content=\"fr_FR\" \/>\n<meta property=\"og:type\" content=\"article\" \/>\n<meta property=\"og:title\" content=\"Mentions l\u00e9gales - Blue Down\" \/>\n<meta property=\"og:description\" content=\"Mentions l\u00e9gales Directeur de la publication: Didier Brandelet Soci\u00e9t\u00e9: Blue Down H\u00e9bergeur: OVH - Roubaix\" \/>\n<meta property=\"og:url\" content=\"https:\/\/blue-down.com\/index.php\/mentions-legales\/\" \/>\n<meta property=\"og:site_name\" content=\"Blue Down\" \/>\n<meta property=\"article:modified_time\" content=\"2021-04-01T06:51:33+00:00\" \/>\n<meta name=\"twitter:card\" content=\"summary_large_image\" \/>\n<script type=\"application\/ld+json\" class=\"yoast-schema-graph\">{\"@context\":\"https:\/\/schema.org\",\"@graph\":[{\"@type\":\"WebPage\",\"@id\":\"https:\/\/blue-down.com\/index.php\/mentions-legales\/\",\"url\":\"https:\/\/blue-down.com\/index.php\/mentions-legales\/\",\"name\":\"Mentions l\u00e9gales - Blue Down\",\"isPartOf\":{\"@id\":\"https:\/\/blue-down.com\/#website\"},\"datePublished\":\"2021-04-01T06:51:31+00:00\",\"dateModified\":\"2021-04-01T06:51:33+00:00\",\"breadcrumb\":{\"@id\":\"https:\/\/blue-down.com\/index.php\/mentions-legales\/#breadcrumb\"},\"inLanguage\":\"fr-FR\",\"potentialAction\":[{\"@type\":\"ReadAction\",\"target\":[\"https:\/\/blue-down.com\/index.php\/mentions-legales\/\"]}]},{\"@type\":\"BreadcrumbList\",\"@id\":\"https:\/\/blue-down.com\/index.php\/mentions-legales\/#breadcrumb\",\"itemListElement\":[{\"@type\":\"ListItem\",\"position\":1,\"name\":\"Accueil\",\"item\":\"https:\/\/blue-down.com\/\"},{\"@type\":\"ListItem\",\"position\":2,\"name\":\"Mentions l\u00e9gales\"}]},{\"@type\":\"WebSite\",\"@id\":\"https:\/\/blue-down.com\/#website\",\"url\":\"https:\/\/blue-down.com\/\",\"name\":\"BLUE DOWN\",\"description\":\"Agence de cr\u00e9ation\",\"potentialAction\":[{\"@type\":\"SearchAction\",\"target\":{\"@type\":\"EntryPoint\",\"urlTemplate\":\"https:\/\/blue-down.com\/?s={search_term_string}\"},\"query-input\":{\"@type\":\"PropertyValueSpecification\",\"valueRequired\":true,\"valueName\":\"search_term_string\"}}],\"inLanguage\":\"fr-FR\"}]}<\/script>\n<!-- \/ Yoast SEO plugin. -->","yoast_head_json":{"title":"Mentions l\u00e9gales - Blue Down","robots":{"index":"index","follow":"follow","max-snippet":"max-snippet:-1","max-image-preview":"max-image-preview:large","max-video-preview":"max-video-preview:-1"},"canonical":"https:\/\/blue-down.com\/index.php\/mentions-legales\/","og_locale":"fr_FR","og_type":"article","og_title":"Mentions l\u00e9gales - Blue Down","og_description":"Mentions l\u00e9gales Directeur de la publication: Didier Brandelet Soci\u00e9t\u00e9: Blue Down H\u00e9bergeur: OVH - Roubaix","og_url":"https:\/\/blue-down.com\/index.php\/mentions-legales\/","og_site_name":"Blue Down","article_modified_time":"2021-04-01T06:51:33+00:00","twitter_card":"summary_large_image","schema":{"@context":"https:\/\/schema.org","@graph":[{"@type":"WebPage","@id":"https:\/\/blue-down.com\/index.php\/mentions-legales\/","url":"https:\/\/blue-down.com\/index.php\/mentions-legales\/","name":"Mentions l\u00e9gales - Blue Down","isPartOf":{"@id":"https:\/\/blue-down.com\/#website"},"datePublished":"2021-04-01T06:51:31+00:00","dateModified":"2021-04-01T06:51:33+00:00","breadcrumb":{"@id":"https:\/\/blue-down.com\/index.php\/mentions-legales\/#breadcrumb"},"inLanguage":"fr-FR","potentialAction":[{"@type":"ReadAction","target":["https:\/\/blue-down.com\/index.php\/mentions-legales\/"]}]},{"@type":"BreadcrumbList","@id":"https:\/\/blue-down.com\/index.php\/mentions-legales\/#breadcrumb","itemListElement":[{"@type":"ListItem","position":1,"name":"Accueil","item":"https:\/\/blue-down.com\/"},{"@type":"ListItem","position":2,"name":"Mentions l\u00e9gales"}]},{"@type":"WebSite","@id":"https:\/\/blue-down.com\/#website","url":"https:\/\/blue-down.com\/","name":"BLUE DOWN","description":"Agence de cr\u00e9ation","potentialAction":[{"@type":"SearchAction","target":{"@type":"EntryPoint","urlTemplate":"https:\/\/blue-down.com\/?s={search_term_string}"},"query-input":{"@type":"PropertyValueSpecification","valueRequired":true,"valueName":"search_term_string"}}],"inLanguage":"fr-FR"}]}},"_links":{"self":[{"href":"https:\/\/blue-down.com\/index.php\/wp-json\/wp\/v2\/pages\/3327","targetHints":{"allow":["GET"]}}],"collection":[{"href":"https:\/\/blue-down.com\/index.php\/wp-json\/wp\/v2\/pages"}],"about":[{"href":"https:\/\/blue-down.com\/index.php\/wp-json\/wp\/v2\/types\/page"}],"author":[{"embeddable":true,"href":"https:\/\/blue-down.com\/index.php\/wp-json\/wp\/v2\/users\/2"}],"replies":[{"embeddable":true,"href":"https:\/\/blue-down.com\/index.php\/wp-json\/wp\/v2\/comments?post=3327"}],"version-history":[{"count":2,"href":"https:\/\/blue-down.com\/index.php\/wp-json\/wp\/v2\/pages\/3327\/revisions"}],"predecessor-version":[{"id":3330,"href":"https:\/\/blue-down.com\/index.php\/wp-json\/wp\/v2\/pages\/3327\/revisions\/3330"}],"wp:attachment":[{"href":"https:\/\/blue-down.com\/index.php\/wp-json\/wp\/v2\/media?parent=3327"}],"curies":[{"name":"wp","href":"https:\/\/api.w.org\/{rel}","templated":true}]}}